h) = -10*h**3 - 139*h**2 - 1875*h - 26449. What is a(-14)?
-3
Let k(p) = p**2 - 833*p + 23498. Determine k(29).
182
Let w(r) = 18*r**2 + 101*r + 62. Calculate w(-4).
-54
Let l(i) = i**2 - 444*i + 36973. Calculate l(111).
10
Let d(p) = -3232*p + 9702. Give d(3).
6
Let x(b) = -63*b**3 + 3086*b**2 + b + 2364. Give x(49).
12
Let o(h) = -13*h**2 + 2414*h + 756. Determine o(186).
12
Let c(h) = 8*h**2 + 2430*h + 26807. What is c(-11)?
1045
Let w(a) = -395*a - 603. Calculate w(0).
-603
Let b(w) = -508*w**2 - 2002*w + 116. What is b(-4)?
-4
Let g(v) = -152*v**2 - 3449*v + 27807. What is g(-29)?
-4
Let r(q) = 1180*q + 7377. Give r(-6).
297
Let d(b) = -31*b**2 + 688*b + 9. Give d(22).
141
Let y(j) = j**3 - 33*j**2 + 296*j - 659. What is y(23)?
859
Let s(x) = x**2 + 40*x + 279. Calculate s(-9).
0
Let r(c) = -2*c**3 + 29*c**2 + 53*c + 167. Calculate r(16).
247
Let t(h) = h**3 - 199*h**2 + 7437*h + 1951. Give t(149).
14
Let g(i) = 288793*i + 10685351. Calculate g(-37).
10
Let v(q) = -39*q**2 + 751*q - 3640. What is v(5)?
-860
Let z(w) = -2*w**2 - 375*w - 3876. Give z(-10).
-326
Let k(x) = -3*x**3 - 89*x**2 + 319*x + 202. Calculate k(-33).
565
Let j(q) = -5958*q - 125099. Calculate j(-21).
19
Let y(a) = a**2 - 329*a - 3727. Determine y(-11).
13
Let y(k) = -2735*k + 2645. What is y(1)?
-90
Let s(d) = d**3 - 38*d**2 - 203*d + 3138. Give s(41).
-142
Let t(z) = 759*z - 718778. What is t(947)?
-5
Let q(t) = 1059*t - 101324. Determine q(96).
340
Let a(g) = g**2 + 167*g + 5054. What is a(-127)?
-26
Let h(c) = 233*c**2 + 10950*c - 37. Calculate h(-47).
10
Let x(w) = w**3 + 13*w**2 + 55*w + 43. Calculate x(-12).
-473
Let s(l) = 4*l**3 - 7*l**2 - 73*l + 15. Give s(-6).
-663
Let x(v) = -4*v**3 + 8*v**2 + 29*v + 31. Give x(-4).
299
Let y(v) = -v**3 + 4*v**2 + 164*v + 12. Calculate y(-11).
23
Let n(p) = 4*p**2 - 755*p + 7642. Determine n(178).
-12
Let k(y) = -2*y**3 - 310*y**2 + 10671*y + 33. Give k(29).
4
Let o(u) = 235*u - 5041. Calculate o(23).
364
Let p(j) = 2*j**3 + 86*j**2 - 195*j - 883. Calculate p(-45).
-208
Let c(p) = -2*p**2 + 59*p + 1105. What is c(49)?
-806
Let f(b) = -469405*b - 3285854. Give f(-7).
-19
Let j(t) = -5*t**3 - 353*t**2 + 503*t - 24. Calculate j(-72).
48
Let x(k) = k**2 - 7949*k - 375358. What is x(-47)?
454
Let l(s) = -s**2 + 16149*s - 14325017. Give l(942).
-23
Let m(v) = -104076*v + 5828264. Give m(56).
8
Let f(c) = -5*c**3 - 47*c**2 + 9*c + 215. Give f(-6).
-451
Let d(v) = -2*v**3 + 79*v**2 + 468*v + 98. Determine d(-5).
-17
Let l(c) = -139*c - 34227. Calculate l(-246).
-33
Let x(w) = 2539*w - 172665. Determine x(68).
-13
Let j(t) = -22*t**2 - 933*t - 1847. Determine j(-2).
-69
Let l(g) = 56*g**2 + 1004*g + 6. Give l(-18).
78
Let b(s) = -8636*s - 8645. Calculate b(-1).
-9
Let u(z) = z**2 - 1876*z - 3747. Give u(-2).
9
Let i(c) = -15*c**2 - 991*c - 16264. Determine i(-30).
-34
Let j(b) = 8554*b + 162535. Calculate j(-19).
9
Let f(q) = -23846*q + 238055. Give f(10).
-405
Let t(z) = 872*z - 4481. What is t(5)?
-121
Let o(z) = 13*z**2 - 2595*z - 968. Give o(200).
32
Let x(z) = 8*z**2 - 2677*z + 58785. What is x(311)?
6
Let b(i) = 275460*i - 2479131. Calculate b(9).
9
Let p(c) = -c**2 - 548*c - 70288. Determine p(-205).
27
Let m(t) = 2707*t - 35143. What is m(13)?
48
Let y(b) = -11102*b - 66211. Give y(-6).
401
Let v(z) = 2*z**3 - 22*z**2 + 5*z - 653. Give v(0).
-653
Let y(o) = -10*o**3 + 4*o**2 + 8*o + 49. Calculate y(0).
49
Let v(m) = -3275*m + 795835. Calculate v(243).
10
Let q(f) = -711*f - 127880. Calculate q(-180).
100
Let t(m) = m**2 - 85*m + 333. Calculate t(33).
-1383
Let x(t) = -t**2 - 95*t + 8184. Determine x(55).
-66
Let v(b) = 9768*b + 97691. Calculate v(-10).
11
Let j(a) = 48195*a - 530183. Determine j(11).
-38
Let x(r) = 2922*r + 78897. Give x(-27).
3
Let p(h) = -6011*h + 29781. Give p(5).
-274
Let o(t) = 7*t**3 - 39*t**2 - 22*t + 44. What is o(8)?
956
Let o(c) = 5*c**3 - 264*c**2 - 38*c - 799. What is o(53)?
-4
Let s(f) = -2437*f - 85321. What is s(-35)?
-26
Let v(y) = 2*y**2 - 1107*y - 34392. What is v(583)?
5
Let h(f) = -84*f + 4208. Calculate h(50).
8
Let z(s) = 99*s**3 + 595*s**2 - 46*s - 320. Give z(-6).
-8
Let v(p) = 4072*p + 8119. What is v(-2)?
-25
Let s(u) = 4*u**2 - 2838*u - 221648. Give s(-71).
14
Let d(l) = -2014*l**2 + 58421*l - 435. Determine d(29).
0
Let v(u) = -u**3 - 161*u**2 - 134*u + 29260. What is v(-159)?
4
Let d(z) = z**2 - 100*z - 74695. Determine d(-228).
89
Let t(q) = -456*q + 26904. Determine t(61).
-912
Let p(l) = -11513*l - 57586. Calculate p(-5).
-21
Let q(g) = 16749*g - 284682. Give q(17).
51
Let p(a) = -2*a**2 - 85*a - 1013. Give p(-19).
-120
Let j(d) = d**3 - 572*d**2 + 2254*d + 10219. Determine j(568).
-5
Let t(r) = -2*r**3 - 2112*r**2 + 47420*r - 31. Determine t(22).
-295
Let h(k) = 227272*k + 3863615. Determine h(-17).
-9
Let h(s) = 2*s**3 - 14*s**2 - 181*s - 244. What is h(14)?
-34
Let h(a) = -2173*a - 6247. Determine h(-2).
-1901
Let v(j) = -286337*j + 286327. Give v(1).
-10
Let p(z) = -737*z - 4298. Calculate p(-6).
124
Let k(a) = 4*a**2 + 267*a + 2023. Calculate k(-58).
-7
Let k(s) = -s**2 - 908*s - 39567. Determine k(-46).
85
Let v(k) = -k**3 - 16*k**2 + 51*k + 944. What is v(-15)?
-46
Let v(q) = 21*q**2 + 567*q - 66. Give v(-27).
-66
Let n(d) = 22*d**2 - 17423*d + 372662. What is n(22)?
4
Let s(d) = 2*d**2 + 325*d - 1782. What is s(6)?
240
Let k(g) = -24*g**2 - 7559*g + 309. What is k(-315)?
-6
Let k(j) = -32097*j + 577743. Calculate k(18).
-3
Let n(i) = -i**3 + 44*i**2 - 67*i + 6908. Determine n(46).
-406
Let c(r) = -3*r**3 - r**2 + 526*r + 169. Give c(13).
247
Let t(n) = 4*n**2 + 64028*n + 2044805. Determine t(-32).
5
Let p(w) = -19845*w - 218281. Calculate p(-11).
14
Let s(c) = 3*c**3 - 190*c**2 + 73*c - 63. Give s(63).
567
Let m(v) = 124*v**2 - 57902*v + 112529. What is m(465)?
-1
Let t(q) = -q**3 + 1272*q**2 - 2273*q - 339096. Determine t(1270).
-6
Let v(p) = 85*p + 18046. What is v(-171)?
3511
Let t(h) = -h**3 + 130*h**2 + 567*h - 57083. Determine t(131).
33
Let m(i) = -7*i**2 - 29*i + 317. What is m(-13)?
-489
Let b(d) = 573*d + 7011. Determine b(-12).
135
Let l(o) = o**3 + 2*o**2 - 1035*o + 295. Give l(31).
-77
Let z(b) = b**3 - 10*b**2 + 50*b - 148. What is z(6)?
8
Let o(r) = -r**2 - 19682*r + 59060. Give o(3).
5
Let v(h) = -h**2 + 104*h - 61. Calculate v(6).
527
Let d(m) = m**2 - 107*m - 3584. What is d(142)?
1386
Let h(p) = -8*p**3 + 2377*p**2 - 315*p + 5359. Calculate h(297).
13
Let k(l) = -254690*l - 764226. What is k(-3)?
-156
Let n(r) = -13320*r - 93236. Calculate n(-7).
4
Let d(i) = 18*i**2 - 2937*i + 3403. Determine d(162).
1
Let o(l) = -11336*l - 79323. Determine o(-7).
29
Let y(g) = 16*g**3 - 43*g**2 + 144*g + 7. Calculate y(4).
919
Let c(h) = 4*h**2 - 2218*h - 197354. What is c(-78)?
-14
Let f(a) = -4*a**3 - 4*a**2 + 125*a - 34. Determine f(6).
-292
Let f(d) = 4*d**3 - 56*d**2 - 338*d + 4735. Determine f(14).
3
Let b(z) = -10035*z**2 + 30164*z - 2. Give b(3).
175
Let h(q) = 4*q**2 - 300*q - 1501. Calculate h(78).
-565
Let h(c) = -7*c**3 - 358*c**2 - 46*c + 126. Give h(-51).
-129
Let f(l) = 11*l**3 + 101*l**2 - 18*l + 6. What is f(-8)?
982
Let y(v) = -19*v + 3152. What is y(162)?
74
Let t(g) = -2*g**2 + 294*g + 467. Determine t(115).
7827
Let s(h) = 4*h**2 - 244*h + 3770. Calculate s(31).
50
Let w(f) = f**2 - 547*f + 65849. Determine w(179).
-23
Let d(k) = -k**3 + 9*k**2 + 9*k + 26. Determine d(15).
-1189
Let q(t) = -2*t**3 + 689*t**2 + 3140*t + 326. What is q(349)?
-23
Let y(m) = 33*m**2 - 4481*m - 5479. What is y(137)?
1
Let t(n) = n**3 + 140*n**2 + 8*n + 1473. Give t(-140).
353
Let g(d) = -d**2 + 194*d - 6382. What is g(73)?
2451
Let f(a) = a**3 + 36*a**2 - 216*a + 14. Give f(6).
230
Let h(u) = u**3 + 152*u**2 - 262*u - 16681. What is h(-153)?
-4
Let d(m) = m**3 - 60*m**2 - 622*m - 322. Determine d(69).
-391
Let x(j) = 11419*j - 19891893. Calculate x(1742).
5
Let l(w) = 570*w - 166437. What is l(292)?
3
Let u(r) = -r**3 + 10*r**2 - 1105*r + 6. Give u(0).
6
Let w(x) = -1086*x - 13022. Give w(-13).
1096
Let g(y) = y**3 - 45*y**2 + 272*y - 23. Calculate g(37).
-911
Let t(c) = 694416*c + 4166481. Calculate t(-6).
-15
Let h(n) = 363*n**2 - 132*n + 3. Calculate h(1).
234
Let k(c) = c**2 + 98*c + 709. What is k(-82)?
-603
Let z(p) = 7*p**3 + 15*p**2 - 28*p - 46. What is 